{"id":98,"date":"2024-05-08T15:13:09","date_gmt":"2024-05-08T15:13:09","guid":{"rendered":"https:\/\/mstreit.ch\/?page_id=98"},"modified":"2024-05-09T05:58:28","modified_gmt":"2024-05-09T05:58:28","slug":"basisplan","status":"publish","type":"page","link":"https:\/\/mstreit.ch\/index.php\/basisplan\/","title":{"rendered":"basisplan"},"content":{"rendered":"\n<h2 class=\"wp-block-heading\">basisplan<\/h2>\n\n\n\n<p class=\"has-medium-font-size\">wir besprechen deine ziele und ich erarbeite einen basisplan f\u00fcr deine trainingsaktivit\u00e4ten. ein regelm\u00e4ssiger austausch ist nicht fixer bestandteil des basisplans, aber selbstverst\u00e4ndlich kannst du mich jederzeit f\u00fcr weitere hilfe kontaktieren.<\/p>\n","protected":false},"excerpt":{"rendered":"<p>basisplan wir besprechen deine ziele und ich erarbeite einen basisplan f\u00fcr deine trainingsaktivit\u00e4ten. ein regelm\u00e4ssiger austausch ist nicht fixer bestandteil des basisplans, aber selbstverst\u00e4ndlich kannst du mich jederzeit f\u00fcr weitere hilfe kontaktieren.<\/p>\n","protected":false},"author":1,"featured_media":0,"parent":0,"menu_order":0,"comment_status":"closed","ping_status":"closed","template":"","meta":{"_kad_post_transparent":"","_kad_post_title":"","_kad_post_layout":"","_kad_post_sidebar_id":"","_kad_post_content_style":"","_kad_post_vertical_padding":"","_kad_post_feature":"","_kad_post_feature_position":"","_kad_post_header":false,"_kad_post_footer":false,"_kad_post_classname":"","footnotes":""},"class_list":["post-98","page","type-page","status-publish","hentry"],"_links":{"self":[{"href":"https:\/\/mstreit.ch\/index.php\/wp-json\/wp\/v2\/pages\/98","targetHints":{"allow":["GET"]}}],"collection":[{"href":"https:\/\/mstreit.ch\/index.php\/wp-json\/wp\/v2\/pages"}],"about":[{"href":"https:\/\/mstreit.ch\/index.php\/wp-json\/wp\/v2\/types\/page"}],"author":[{"embeddable":true,"href":"https:\/\/mstreit.ch\/index.php\/wp-json\/wp\/v2\/users\/1"}],"replies":[{"embeddable":true,"href":"https:\/\/mstreit.ch\/index.php\/wp-json\/wp\/v2\/comments?post=98"}],"version-history":[{"count":3,"href":"https:\/\/mstreit.ch\/index.php\/wp-json\/wp\/v2\/pages\/98\/revisions"}],"predecessor-version":[{"id":173,"href":"https:\/\/mstreit.ch\/index.php\/wp-json\/wp\/v2\/pages\/98\/revisions\/173"}],"wp:attachment":[{"href":"https:\/\/mstreit.ch\/index.php\/wp-json\/wp\/v2\/media?parent=98"}],"curies":[{"name":"wp","href":"https:\/\/api.w.org\/{rel}","templated":true}]}}