{"id":96,"date":"2024-05-08T15:12:23","date_gmt":"2024-05-08T15:12:23","guid":{"rendered":"https:\/\/mstreit.ch\/?page_id=96"},"modified":"2024-05-09T05:58:02","modified_gmt":"2024-05-09T05:58:02","slug":"mein-angebot","status":"publish","type":"page","link":"https:\/\/mstreit.ch\/index.php\/mein-angebot\/","title":{"rendered":"angebot"},"content":{"rendered":"\n<h2 class=\"wp-block-heading\">mein angebot<\/h2>\n\n\n\n<p class=\"has-medium-font-size\">du hast interesse an meiner unterst\u00fctzung in deinem training?<br>du w\u00fcnschst dir hilfe bei trainingsaufbau, -planung und -ausf\u00fchrung?<br>&nbsp;<br>f\u00fcr lauftrainings, nordic walking und individuelle krafttrainings&nbsp;bin ich dein idealer personal trainer! ich stelle dir einen pers\u00f6nlichen und vielseitigen trainingsplan nach deinem gusto zusammen. er beinhaltet m\u00f6glicherweise laufeinheiten, ausdauersequenzen im wasser, aber auch rumpfstabilisation oder r\u00fccken\u00fcbungen &#8211; eben einfach alles, was DU brauchst. gleichzeitig analysieren wir deine ern\u00e4hrungsgewohnheiten und optimieren, damit du deinen zielen n\u00e4her kommst.<br>&nbsp;<br>gerne stehe ich dir f\u00fcr ein erstgespr\u00e4ch unverbindlich und kostenlos zur verf\u00fcgung. gemeinsam legen wir einen vorschlag f\u00fcr eine m\u00f6gliche zusammenarbeit fest. unsere kooperation kann ganz verschieden aussehen &#8211; hier einige beispiele:<\/p>\n\n\n\n<h2 class=\"wp-block-heading\"><a href=\"https:\/\/mstreit.ch\/index.php\/basisplan\/\">basisplan<\/a><\/h2>\n\n\n\n<p class=\"has-medium-font-size\">wir besprechen deine ziele und ich erarbeite einen basisplan f\u00fcr deine trainingsaktivit\u00e4ten. ein regelm\u00e4ssiger austausch ist nicht fixer bestandteil des basisplans, aber selbstverst\u00e4ndlich kannst du mich jederzeit f\u00fcr weitere hilfe kontaktieren.<\/p>\n\n\n\n<h2 class=\"wp-block-heading\"><a href=\"https:\/\/mstreit.ch\/index.php\/basisplan-plus-10\/\">basisplan plus 10<\/a><\/h2>\n\n\n\n<p class=\"has-medium-font-size\">zus\u00e4tzlich zum basisplan legen wir fest, in welchen zeitintervallen unser austausch stattfindet. wir k\u00f6nnen uns beispielsweise w\u00f6chentlich oder vierzehnt\u00e4glich treffen und einzelne einheiten gemeinsam absolvieren. es finden 10 treffen statt.<\/p>\n\n\n\n<h2 class=\"wp-block-heading\"><a href=\"https:\/\/mstreit.ch\/index.php\/basisplan-plus-20\/\">basisplan plus 20<\/a><\/h2>\n\n\n\n<p class=\"has-medium-font-size\">zus\u00e4tzlich zum basisplan legen wir fest, in welchen zeitintervallen unser austausch stattfindet. wir treffen uns w\u00f6chentlich oder nach bedarf und werden einzelne einheiten gemeinsam absolvieren. es finden 20 treffen statt.<\/p>\n\n\n\n<h2 class=\"wp-block-heading\">\u00abselbstverst\u00e4ndlich k\u00f6nnen wir deine individuellen bed\u00fcrfnisse ber\u00fccksichtigen und unsere zusammenarbeit kann auch ganz anders aussehen! nimm kontakt mit mir auf!\u00bb<\/h2>\n","protected":false},"excerpt":{"rendered":"<p>mein angebot du hast interesse an meiner unterst\u00fctzung in deinem training?du w\u00fcnschst dir hilfe bei trainingsaufbau, -planung und -ausf\u00fchrung?&nbsp;f\u00fcr lauftrainings, nordic walking und individuelle krafttrainings&nbsp;bin ich dein idealer personal trainer! ich stelle dir einen pers\u00f6nlichen und vielseitigen trainingsplan nach deinem gusto zusammen. er beinhaltet m\u00f6glicherweise laufeinheiten, ausdauersequenzen im wasser, aber auch rumpfstabilisation oder r\u00fccken\u00fcbungen &#8211;&#8230;<\/p>\n","protected":false},"author":1,"featured_media":0,"parent":0,"menu_order":0,"comment_status":"closed","ping_status":"closed","template":"","meta":{"_kad_post_transparent":"","_kad_post_title":"","_kad_post_layout":"","_kad_post_sidebar_id":"","_kad_post_content_style":"","_kad_post_vertical_padding":"","_kad_post_feature":"","_kad_post_feature_position":"","_kad_post_header":false,"_kad_post_footer":false,"_kad_post_classname":"","footnotes":""},"class_list":["post-96","page","type-page","status-publish","hentry"],"_links":{"self":[{"href":"https:\/\/mstreit.ch\/index.php\/wp-json\/wp\/v2\/pages\/96","targetHints":{"allow":["GET"]}}],"collection":[{"href":"https:\/\/mstreit.ch\/index.php\/wp-json\/wp\/v2\/pages"}],"about":[{"href":"https:\/\/mstreit.ch\/index.php\/wp-json\/wp\/v2\/types\/page"}],"author":[{"embeddable":true,"href":"https:\/\/mstreit.ch\/index.php\/wp-json\/wp\/v2\/users\/1"}],"replies":[{"embeddable":true,"href":"https:\/\/mstreit.ch\/index.php\/wp-json\/wp\/v2\/comments?post=96"}],"version-history":[{"count":3,"href":"https:\/\/mstreit.ch\/index.php\/wp-json\/wp\/v2\/pages\/96\/revisions"}],"predecessor-version":[{"id":172,"href":"https:\/\/mstreit.ch\/index.php\/wp-json\/wp\/v2\/pages\/96\/revisions\/172"}],"wp:attachment":[{"href":"https:\/\/mstreit.ch\/index.php\/wp-json\/wp\/v2\/media?parent=96"}],"curies":[{"name":"wp","href":"https:\/\/api.w.org\/{rel}","templated":true}]}}